{"id":179,"date":"2023-07-31T22:50:01","date_gmt":"2023-07-31T22:50:01","guid":{"rendered":"https:\/\/novoalcool.com.br\/?post_type=product&#038;p=179"},"modified":"2023-07-31T22:50:01","modified_gmt":"2023-07-31T22:50:01","slug":"alcool-etilico-hidratado-70-inpm-desinfetante-gel","status":"publish","type":"product","link":"https:\/\/novoalcool.com.br\/index.php\/product\/alcool-etilico-hidratado-70-inpm-desinfetante-gel\/","title":{"rendered":"\u00c1lcool Et\u00edlico Hidratado 70\u00b0 INPM Desinfetante Gel"},"content":{"rendered":"<p>Composi\u00e7\u00e3o: \u00c1lcool Et\u00edlico Hidratado, emulsificantes e veiculo;<\/p>\n<p>C\u00f3digo produto: 06 Embalagem: PET 500gr Caixa: 12 unidades;<\/p>\n<p>C\u00f3digo de barras frasco: 7898971782062 C\u00f3digo de barras caixa: 17898971782069 NCM: 38089429;<\/p>\n<p>Autoriza\u00e7\u00e3o de funcionamento\/MS: 311832-3 ANVISA registro: 318320003.<\/p>\n\n    <div class=\"xs_social_share_widget xs_share_url after_content \t\tmain_content  wslu-style-1 wslu-share-box-shaped wslu-fill-colored wslu-none wslu-share-horizontal wslu-theme-font-no wslu-main_content\">\n\n\t\t\n        <ul>\n\t\t\t        <\/ul>\n    <\/div> \n","protected":false},"excerpt":{"rendered":"<p>\u00c1lcool 70% Gel \u00e9 a solu\u00e7\u00e3o ideal para limpeza eficaz. Com a concentra\u00e7\u00e3o perfeita para desnaturar as prote\u00ednas dos microrganismos, sua f\u00f3rmula com \u00e1gua facilita a penetra\u00e7\u00e3o nas bact\u00e9rias, enquanto retarda a volatiliza\u00e7\u00e3o, garantindo um tempo de contato prolongado.<\/p>\n<p>Indica\u00e7\u00f5es:<\/p>\n<p>Indicado para limpeza de superf\u00edcies, como pisos, azulejos, formica, vidros, espelhos, entre outros; N\u00e3o utilizar em superf\u00edcies sens\u00edveis ao \u00e1lcool, como encerados, laqueados, pintados e envernizados, entre outros.<\/p>\n<p>Modo de Usar:<\/p>\n<p>Produto pronto para ser utilizado imediatamente, sem necessidade de dilui\u00e7\u00e3o. Pode ser aplicado diretamente em pisos, azulejos e formicas, facilitando a limpeza. Para espelhos e vidros, recomenda-se utilizar um pano limpo e seco.<\/p>\n","protected":false},"featured_media":163,"comment_status":"open","ping_status":"closed","template":"","meta":{"postBodyCss":"","postBodyMargin":[],"postBodyPadding":[],"postBodyBackground":{"backgroundType":"classic","gradient":""}},"product_brand":[],"product_cat":[26,28],"product_tag":[],"class_list":{"0":"post-179","1":"product","2":"type-product","3":"status-publish","4":"has-post-thumbnail","6":"product_cat-alcool-500ml","7":"product_cat-alcool-em-gel","9":"first","10":"instock","11":"shipping-taxable","12":"product-type-simple"},"_links":{"self":[{"href":"https:\/\/novoalcool.com.br\/index.php\/wp-json\/wp\/v2\/product\/179","targetHints":{"allow":["GET"]}}],"collection":[{"href":"https:\/\/novoalcool.com.br\/index.php\/wp-json\/wp\/v2\/product"}],"about":[{"href":"https:\/\/novoalcool.com.br\/index.php\/wp-json\/wp\/v2\/types\/product"}],"replies":[{"embeddable":true,"href":"https:\/\/novoalcool.com.br\/index.php\/wp-json\/wp\/v2\/comments?post=179"}],"wp:featuredmedia":[{"embeddable":true,"href":"https:\/\/novoalcool.com.br\/index.php\/wp-json\/wp\/v2\/media\/163"}],"wp:attachment":[{"href":"https:\/\/novoalcool.com.br\/index.php\/wp-json\/wp\/v2\/media?parent=179"}],"wp:term":[{"taxonomy":"product_brand","embeddable":true,"href":"https:\/\/novoalcool.com.br\/index.php\/wp-json\/wp\/v2\/product_brand?post=179"},{"taxonomy":"product_cat","embeddable":true,"href":"https:\/\/novoalcool.com.br\/index.php\/wp-json\/wp\/v2\/product_cat?post=179"},{"taxonomy":"product_tag","embeddable":true,"href":"https:\/\/novoalcool.com.br\/index.php\/wp-json\/wp\/v2\/product_tag?post=179"}],"curies":[{"name":"wp","href":"https:\/\/api.w.org\/{rel}","templated":true}]}}